 -7 + (-3 + -1 + 3 - -5) + -4?
-7
Calculate 2 + (16 - 22) + 5.
1
(-3 - 9) + 9 + -11 + 9 + -14
-19
Calculate (-8 - 21 - -19) + 6.
-4
What is -33 + (27 - (4 - -7)) + -7?
-24
Calculate 0 - (3 - -1) - (-78 - -67 - -18).
-11
Evaluate 5 + 3 + (0 - 0) - (327 + -332).
13
What is -42 + 1 + (-794 - -820)?
-15
Calculate (17 - 1 - (139 + -138)) + 4.
19
What is the value of 7 - (2 + -1) - (95 + -101)?
12
What is the value of 12 - (35 + 0 + 154 + -152)?
-25
(-20 - (-3 + -4 + 9)) + -2 + -1
-25
Evaluate -6 + (19 - (6 + -1)).
8
Evaluate 11 - (148 + -170 + 14 + 2).
17
What is 28 + -49 - (-10 + -24)?
13
Evaluate (43 - 45) + (-18 - 5).
-25
Evaluate 22 + -42 - (-12 - (-8 + 5)).
-11
What is -3 - (21 + (-6 - 5)) - (2 - 8)?
-7
What is 18 + -12 - 1 - (0 + 11)?
-6
What is (17 + -5 - 25) + (6 - 1)?
-8
What is -19 + (17 - 18 - -24)?
4
Evaluate (-31 - -3) + 13 + (1 - 0 - 18).
-32
Evaluate (18 - (66 + -46)) + (-12 - (-4 + 2)).
-12
Evaluate -1 - -3 - (56 + -66).
12
What is the value of 24 - 5 - 0 - (19 + -3)?
3
What is (-25 - -5) + 13 - -21?
14
What is the value of 25 + (-25 - -16) + -11?
5
Calculate 21 + 27 + -46 + (-20 - (4 + -2)).
-20
What is the value of -9 + (-10 - -11) - (-2 - 4)?
-2
-16 - (-7 + 1 + -1 + -2)
-7
-28 - -9 - ((8 + -6 - 3) + -5)
-13
(-16 - (-8 + -6)) + -4
-6
Calculate -39 - -35 - ((1 - 4) + (4 - 1)).
-4
Evaluate 44 - (-21 + 73 - 31).
23
What is the value of 9 + -9 + 2 - (12 + 0 + 0)?
-10
What is the value of 56 - (-46 + 109) - (0 + 0 + 15)?
-22
Calculate (68 - 56) + (7 - (5 - 1)).
15
8 + 1 + 6 + 2 + -12 - -1
6
Calculate 4 + (11 - 26) + (12 - 0).
1
What is the value of 4 + (10 - (-1 + 7 - -4))?
4
Evaluate -5 - -1 - (9 - 3 - (9 + -1)).
-2
-40 - (17 - (6 - -31))
-20
(1 - -6) + (30 - 7) + -18
12
What is the value of 21 + -11 - 4 - (-3 + 21)?
-12
Evaluate (21 - 21 - -1) + 0 + 16.
17
What is the value of -1 - 0 - (1 + (25 - 22))?
-5
Evaluate (-19 - -11) + 73 + -51.
14
What is the value of (8 - 8) + 2 - 8 - (-13 - 23)?
30
Calculate (-12 - (5 + -3) - -5) + -7.
-16
Evaluate 12 - ((18 - -12) + 10 + -6).
-22
What is 48 + (1 - 42) + 25?
32
What is the value of 0 - ((0 - 5) + -8) - -1?
14
What is the value of -9 - (8 - 5) - (-34 + 16)?
6
Calculate (1 - 5) + 7 + -43 + 0 + 13.
-27
Calculate 9 + 10 + (1 + -10 - -18).
28
Calculate (11 - 0) + (181 - 201) - -6.
-3
Evaluate (-8 - (-5 - -11)) + (135 - 143).
-22
23 + (-18 - (-7 + -5 + -1))
18
-33 - 5 - (-97 + 60)
-1
Calculate -23 - (-10 - -9 - 10 - 0).
-12
What is (1 - (45 + 8 + -6)) + 5 + 6?
-35
Evaluate -29 + 55 + 0 + -3.
23
What is the value of (35 - (-32 - -43)) + 6 + -1?
29
What is 6 + (8 - 40) + 9?
-17
-5 + 3 + -1 + 3 + -4 - -8
4
(1 - (0 - 4)) + (33 - 54)
-16
Calculate -42 + 17 - (-35 + 13).
-3
Evaluate -3 - -1 - 4 - (0 - (2 - -8)).
4
What is 29 - ((-5 - -12) + 3)?
19
What is the value of 6 - 1 - (8 + (-7 - (-16 - -13)))?
1
Evaluate 11 + (8 - (37 - 19)).
1
-18 - (9 - 8) - -7 - -1
-11
Calculate (-4 - -11) + 10 + (11 - 5).
23
What is -2 - -5 - (6 + (5 - 5) + 1)?
-4
What is the value of (36 - 79) + 8 + (-3 - (-7 + 5))?
-36
What is the value of -8 - (-6 - 6 - (0 - (1 + 6)))?
-3
What is 23 - -1 - (3 + -5 - -11)?
15
-1 - -8 - (267 + -256)
-4
What is the value of -46 + (-7 - -40) + 13 + (-2 - 1)?
-3
Evaluate 10 - 7 - -1 - -2.
6
What is the value of -1 - 18 - (-56 + (16 - -29))?
-8
What is the value of -8 + (-8 + 19 - 8)?
-5
2 - -9 - (13 + -13)
11
Evaluate -55 + 45 + (3 - -1) + -1.
-7
What is (-4 - 2) + 54 + (-38 - -3)?
13
What is 35 - (-9 - (15 - 44))?
15
What is the value of -36 + -15 + -16 + 79?
12
What is -39 - (-17 + -36 - -40)?
-26
Evaluate -62 + 48 - (2 + 20).
-36
Calculate (-16 - (15 - 13) - -19) + 0.
1
Calculate -9 - (-8 + 11) - -8.
-4
Calculate (1 - -1) + (3 - (-14 - -39)).
-20
Evaluate (5 - 8) + 3 + -6 + 22 - 5.
11
Calculate 2 - ((-95 - -28) + 37).
32
7 + -15 + (9 - 17) + (-4 - -19)
-1
-2 + 4 + -5 - ((-19 - -10) + -8)
14
What is the value of 1 + 0 - ((-21 - -24) + 10)?
-12
What is -42 + 42 + -44 + (1 - -13)?
-30
What is (-10 + 5 - -3) + 2 + -2 + 36?
34
What is 0 + -10 + (438 - 413)?
15
What is the value of (10 - 3) + (9 - 5 - 10)?
1
What is 2 + (1 - -1) - ((-2 - -9) + -13)?
10
Calculate (16 - (15 + -4)) + (1 - 9).
-3
What is the value of -7 + (-3 - -16) + (38 - 37)?
7
Calculate -46 - -47 - (-9 - 4).
14
Evaluate 1 + -35 + (-194 - -211).
-17
What is the value of -9 - -5 - (34 - 23)?
-15
Calculate -6 + (7 - (7 + 9 + -2)).
-13
What is -7 + (21 - (6 - 0 - 5)) - -1?
14
Calculate 2 + 2 - ((-15 - -6) + 8).
5
-17 - (-4 - (21 - 38))
-30
What is the value of 2 - (-1 + 2) - (-1 - (36 - 27))?
11
-8 - ((-20 - -3) + 14)
-5
Calculate -25 + 28 + 16 + 0.
19
What is the value of (-11 + -2 + 48 - -12) + -14 + 3?
36
What is -8 - (0 + -1 + -6)?
-1
What is the value of 10 - (-15 - (0 + -8) - -16)?
1
Calculate -61 - ((-10 - 12) + -13).
-26
Calculate -4 + 7 + -10 + 16 + -22.
-13
6 - ((-6 - -10) + 0 - -6)
-4
What is the value of -1 + ((-19 - -4) + 16 - (14 + 1))?
-15
24 + -19 - -31 - 30
6
What is the value of 2 - -42 - (605 + -572)?
11
What is 4 + -8 + 1 + -10 + 13 + -18?
-18
What is the value of (-8 - -1 - -5) + 1 + (0 - 2)?
-3
(0 - 6) + (13 - (12 - 14)) - -7
16
7 + (14 + -7 - (5 - (3 - 5)))
7
What is -2 + 9 - ((-2 - -19) + 1 - 4)?
-7
Calculate 9 + (14 - 8) + -2 - (6 - 2).
9
What is the value of (8 - (-4 + 6 + (3 - -5))) + -5?
-7
Evaluate 43 + -19 + -2 + -40.
-18
What is 0 - 7 - (-36 + 68 + -27)?
-12
What is the value of 7 + -8 + -10 + 15?
4
Calculate -11 - (6 + 52 + -36).
-33
Evaluate (103 - 28) + -32 - 9.
34
What is the value of (0 - (-1 - (-2 + (0 - -4)))) + -28?
-25
What is the value of 18 + (7 - ((-2 - -8) + -6)) + -5?
20
What is 1 + 0 + -3 - (-12 + -10 + -1)?
21
What is 6 + (2 + 3 - (-8 - -14) - 9)?
-4
Evaluate (56 - 20) + (19 - 43).
12
Calculate (0 + 4 - 0) + 4 + -22.
-14
Evaluate 26 + -23 + (6 - (-3 - -5)).
7
Calculate 7 + (12 - 3) + -25 + 18 + -19.
-10
What is -4 + -14 + (-7 - -17) + 12?
4
What is the value of -1 - (-14 + (9 - 5)) - (24 + -30)?
15
Calculate -53 - (38 + -42 + -15).
-34
What is the value of (20 + -21 - (2 - (5 - 10))) + -6?
-14
What is 28 - 21 - (2 + (-4 - 3))?
12
Calculate 6 - ((22 - 11) + 0).
-5
Evaluate 4 - (19 - (21 + -6)).
0
What is 82 + -66 - (-2 - -23)?
-5
Calculate (2 - (7 - 19)) + 2.
16
6 + (-8 - 8) + 18
8
What is 5 - ((20 - (2 - -14)) + 4 + -1)?
-2
What is the value of -6 - 2 - (30 - 54 - -31)?
-15
Evaluate 5 + 1 - (48 + -48) - -11.
17
-17 + 2 - -4 - -13
2
What is the value of (-1 - -4 - (4 - 2)) + -6 + 0?
-5
What is the value of -36 + 7 - ((-5 - -3) + (0 - -1))?
-28
2 - ((2 - 8) + (-15 - -16) + 4)
3
84 - 85 - (-19 - (4 - 3))
19
Calculate 24 + -42 + 16 + -4 + -3.
-9
Evaluate (15 - (2 - -15)) + -1 + -2 + 15.
10
Evaluate (-17 - 7) + 31 + -16.
-9
What is 5 + -3 - (-11 + 5) - 23?
-15
Calculate 3 + -9 + (-200 - -208).
2
Calculate 32 - (6 + (-7 - -8)) - (1 - 1).
25
Evaluate 5 + -5 + -2 - 0 - 7 - 3.
-12
Evaluate (3 - (-29 + 25)) + 1.
8
What is -2 + (-11 - (17 - 32))?
2
Evaluate 11 + -15 + 9 + 10.
15
What is the value of (55 - 67) + 3 + -5?
-14
Evaluate -507 + 528 + -13 + -1.
7
Calculate (1 - -3) + 2416 + -2411.
9
Evaluate -1 + -8 + 7 - -3.
1
Evaluate -8 - (-3 - (-8 - (-12 - 4))).
3
Evaluate 12 + (1 + 12 - 12).
13
(-3 - (-10 + 1) - 8) + (9 - 3)
4
Evaluate 0 + 2 - (4 - ((3 - 4) + 3)).
0
Calculate (2 - 7 - (3 + 4)) + (0 - 1).
-13
Evaluate 16 - ((16 - 21) + 32) - (3 - 12).
-2
Calculate (17 - (-12 + 13 - -6)) + -10.
0
6 + 1 + (10 + (-30 - -13) - -15)
15
Calculate -2 - (-3 + (-3 - -7 - 1) + -20).
18
-4 - (5 - -1 - (-81 + 78))
-13
(3 - -7 - 43) + (2 + -1 - -3)
-29
Evaluate -3 - (8 + -9 + 2) - (2 + 3).
-9
Evaluate -1 + 6 - ((0 - 8) + 13 + 0).
0
Evaluate 1 + 3 + 2 + -8 - (1 - -1).
-4
What is (2 - 5) + (-16 - (6 + -22))?
-3
Calculate -16 + 6 - (-7 - (6 - -1)).
4
What is -17 + (17 - (-26 - -10))?
16
-2 + 1 + (6 - 2) + (865 - 842)
26
Calculate 2 + (1 - 8 - (-3 + 3 - -4)).
-9
What is the value of 8 - (-137 + 129 + -2 + -2 + 10)?
10
What is 11 - (11 + -2 + 7)?
-5
Calculate -10 + 12 - 8 - -5.
-1
What is the value of -5 - (0 - 6) - (-5 + 14)?
-8
Evaluate 8 + (-17 - (5 + (-8 - -6))) + -2.
-14
Evaluate (-123 - -155) + -2 + 6 + -13.
23
What is the value of (-228 - -214 - (1 + -15)) + -13?
-13
What is 0 - -5 - (-9 - (-7 + 9 + -7))?
9
Evaluate 2 + (2 - (-19 + 14)).
9
What is -15 + 7 + (29 - 13)?
8
Calculate -42 + 60 + -16 - -16.
18